irst derivative of -q**4/4 - q**3/3 + 2*q**2 - 232. Suppose f + 3 + 0 = 0. Calculate i(f).
6
Let g(b) = -15*b + 7. Let r(c) = -13*c + 5. Let k(m) = -4*g(m) + 5*r(m). Calculate k(-5).
22
Let t(q) = -6*q**3 + 3*q**2. Let d be t(2). Let p = d + 43. Let o(r) = -r - 4. What is o(p)?
-11
Let m(s) = 3*s**2 - 7*s - 8. Let l(c) = 7*c**2 - 15*c - 17. Suppose -32*i = -29*i - 15. Let x(d) = i*m(d) - 2*l(d). Let o be 4/(-16) - (-25)/4. What is x(o)?
0
Suppose 5*s + 0*s - 5 = 0. Let o be (((-6)/(-3))/1)/1. Let f(w) = 0*w**2 + 4*w - 1 + 7*w**3 - 2*w - o*w**2. What is f(s)?
6
Let o(s) = 15*s**2 + 7*s + 6. Let v be (-15)/(-10)*(66/9 + -8). Calculate o(v).
14
Let v(w) = 19*w - w**2 + 2 + 3 - w + 11 - 12*w. What is v(6)?
16
Let v(z) = -z**3 + 4*z**2 + 8*z + 12*z - 4 - 13*z. Let c be v(5). Let l(f) be the second derivative of f**5/20 - 7*f**4/12 + f**3 - f**2/2 + f. Calculate l(c).
-1
Let v(f) = 3*f. Suppose 3*g + 2*g + 5*a = -40, -52 = 3*g - 4*a. Let k be (-6)/g - 1/(-2). Give v(k).
3
Let s(d) = -3*d - 40*d + 39*d + 3. Let o be (0 - 1)/(2/6). Determine s(o).
15
Let b(s) be the third derivative of -7*s**4/6 - s**3/3 + s**2 - 16. Give b(-2).
54
Let a(x) = x**3 + 24*x**2 + 46*x + 50. Let m be a(-22). Let n(t) = 2*t - m*t + 0*t + 3*t - 6. Calculate n(-6).
0
Suppose 0 = 8*j - 15*j + 7. Let q(f) = f**3 + 4*f**2 - 7*f + 1. Let c be q(-5). Let m(z) = z + 8 - j - c*z**3 - 6. What is m(-1)?
11
Let g(u) = -8 - u + 3 + u**2 + 8*u**3 - 7*u**3 + 0*u**3. Let r(v) = -2*v**2 - v + 1. Let x be r(1). Let n = x - -2. Give g(n).
-5
Let r(y) = -y + 6. Let k be (-121)/(-66) - (-1)/6. Suppose k*b = -2 + 2. Calculate r(b).
6
Let z = -20 + 42. Let t(f) = 23 - f + z + 9*f**2 - 44. Calculate t(1).
9
Let c = -4 - -2. Let f = 1 - c. Suppose 0 = 5*w + 10, f = -d + 2*d - 4*w. Let n(l) = l**3 + 6*l**2 + 6*l. Calculate n(d).
-5
Let x(c) = c**3 - 4*c**2 - c - 3. Suppose 0 = -8*r + r - 42. Let o be ((-2)/r)/((-1)/(-12)). Give x(o).
-7
Suppose -4*g + 15 = -9. Let a(v) be the third derivative of v**5/60 - 5*v**4/24 - 5*v**3/6 + 12*v**2 - 3. What is a(g)?
1
Suppose 0 = -2*a - 7 + 1. Let w be -2 - ((-2 - -3) + a) - -3. Let f(k) = k**2 - k - 4. What is f(w)?
2
Suppose 51 = 35*u - 229. Let y(r) = -r**3 - r**2 - 1. Let x(a) = -a**3 - 11*a**2 + 9*a - 9. Let w(j) = -x(j) + 2*y(j). Calculate w(u).
-1
Let l(z) be the first derivative of z**4/12 + 7*z**3/6 + 2*z**2 - 21*z - 35. Let i(r) be the first derivative of l(r). What is i(-3)?
-8
Suppose 4*i + 3*m = 11, 9*i - 4*m + 25 = 4*i. Let j(n) = 2*n + 2*n**2 + 1 + 0 - n**2. Give j(i).
0
Let c(x) = -6*x**2 + 2*x + 4. Let q = -1 - -8. Let l be 108/12*1/(-3). Let j(p) = -13*p**2 + 4*p + 9. Let w(o) = l*j(o) + q*c(o). Determine w(2).
-7
Let f(g) be the first derivative of 9*g + 1/2*g**2 - 39. Calculate f(-6).
3
Let k(i) = 2*i + 4. Let p(q) = -1. Let s = -1 + -4. Let x(l) = -l**3 - 4*l**2 + 6*l + 6. Let t be x(s). Let m(r) = t*k(r) + 3*p(r). Determine m(1).
3
Let y be 1 + (694/8 - 2/(-8)). Let u = y - 89. Let h(s) = -6*s**2 - 2*s - 1. Determine h(u).
-5
Let a(h) be the first derivative of 4*h**3/3 + h**2/2 + 35. Suppose -4*j + 2*j - 9 = 5*y, 4*y + 8 = -2*j. Determine a(y).
3
Suppose s - 5*s + 40 = 0. Let q(n) = -2*n**3 - 5*n - s*n - 2 - 3*n**2 + 11*n. Determine q(-2).
10
Let n(c) be the first derivative of c**2/2 - 18*c - 175. What is n(14)?
-4
Suppose 90*s - 15 = 85*s + j, 3*s + j - 1 = 0. Let t(k) = 2*k**2 - k - 3. What is t(s)?
3
Let a = -588 - -586. Let w(l) = l**3 + 3*l**2 + 4*l + 4. What is w(a)?
0
Let i(w) = 9 - 4*w**2 - 7*w + w**3 - 2 + 1 - 1. Let o(q) be the second derivative of 2*q**3/3 + 29*q**2/2 - 6*q. Let l be o(-6). Give i(l).
-3
Let z(y) be the third derivative of 0 - 2*y**2 + 0*y**3 + 7/120*y**5 - 1/720*y**6 + 0*y + 1/4*y**4. Let p(c) be the second derivative of z(c). Determine p(6).
1
Let r(x) be the first derivative of -x**3/3 - 3*x**2 + 34*x + 594. Calculate r(-9).
7
Suppose 21*q - 30 = 16*q. Let z(c) = 9*c - 18. Let o(p) = 4*p - 8. Let a(u) = 7*o(u) - 3*z(u). Calculate a(q).
4
Let s = 2 + 1. Let g be ((-10)/(-22))/(61/671). Let k(r) = -7 + 4*r + g - 1 - s*r. Determine k(-5).
-8
Let n(c) be the third derivative of c**4/24 - 3*c**3/2 - 2*c**2. Let a be n(11). Let y(g) = -4 - a*g**3 - 2*g**2 + 1 - 2*g + 3*g**3 + g**2. Calculate y(3).
9
Let i(d) = -d**2 + 5*d - 2. Let w be i(4). Let b be (8 - 13) + -4 - -9. Let u(m) = -2 + 5 + 4 + b*m - w*m. Calculate u(6).
-5
Let p(a) = -2*a**2 - 3*a. Let m(h) = -h**3 - 2*h**2 + 11*h + 10. Suppose -j = -4*k - 16, 2*k + 30 = 4*j - 9*j. Let l be m(j). Determine p(l).
-2
Let h be (54/15)/((-4)/10). Let m(n) = n + 7. Let t(p) = 4*p + 29. Let l(z) = h*m(z) + 2*t(z). What is l(-6)?
1
Let d(u) be the first derivative of u**3/3 - 2. Let h(s) = s**3 - 16*s**2 + s - 15. Let i be h(16). Let l be i*((-4)/(-4))/(-1). Give d(l).
1
Let g(x) = 4*x**2 + 2*x + 7. Let n(l) = -3*l**2 - 3*l - 6. Let m(z) = 4*g(z) + 5*n(z). Let j be m(7). Let t(i) = 9*i. Calculate t(j).
-18
Let x(i) = -i**2 - 12*i + 17. Let v be x(-13). Let h(z) be the first derivative of -z**3/3 + z**2/2 + 4*z + 3. Determine h(v).
-8
Let x(q) be the second derivative of q**3/6 + 9*q**2/2 - q. Let k(w) = w + 8. Let a be 11/(-22) + (-7)/2. Let z(p) = a*x(p) + 5*k(p). Calculate z(-3).
1
Let n be (-7)/(-1) + -56 + 58. Let m(a) = -2*a + 9. Determine m(n).
-9
Let s(q) = -q + 4. Let u(v) = -v**2 - v + 14. Let k be u(-5). Calculate s(k).
10
Let m(h) = -h. Let w(o) = o. Let s(c) = 4*m(c) + 5*w(c). Let k(i) = -4*i + 1. Let v(g) = k(g) + 3*s(g). Give v(3).
-2
Let o = -37 - -25. Let a = 14 + o. Suppose 0 = t + a + 6. Let w(u) = u**2 + 9*u + 10. What is w(t)?
2
Let u(l) be the third derivative of l**5/60 - l**4/12 + l**3/3 - 7*l**2. Let p be u(2). Suppose p = n + 6. Let m(r) = -r**3 - 6*r**2 - 6*r - 4. Give m(n).
-12
Let v(n) = 5*n**3 + 3*n + 2. Let c(j) = 33*j**2 + 15*j**3 + 5 - 33*j**2 + 8*j. Let o(y) = 3*c(y) - 8*v(y). Determine o(1).
4
Let b(d) be the third derivative of d**5/60 - 5*d**4/24 + d**3/3 - 7*d**2. Let h be 23/4 - (-6)/(-8). Calculate b(h).
2
Let y(q) = -2*q**2 - 3*q - 8. Let t(x) = 3*x**2 + 3*x + 9. Let p(z) = 4*t(z) + 5*y(z). Let f = -237 - -117. Let n = 124 + f. Give p(n).
16
Suppose 5*k + 37 = 3*d - 6*d, -d = 4. Let t(y) = y**3 + 6*y + y + y**2 + 5 + 5*y**2. What is t(k)?
-5
Let m(g) be the first derivative of g**4/4 + 2*g**3 - 2*g**2 + 3*g + 11. Determine m(-7).
-18
Let z(w) = -w**3 + 5*w**2 - 7*w + 4. Let b = 318 + -314. Calculate z(b).
-8
Let r = -82 + 82. Let g(a) = -a - 15. Calculate g(r).
-15
Let m(w) = -2*w**2 - 5*w + 6. Let b(z) be the first derivative of -z**3/3 - 4. Let l(d) = -b(d) + m(d). Let s be l(-6). Let a(q) = q**2 + q - 1. Calculate a(s).
-1
Let r(g) = 111*g**3 - 218*g - 110*g**3 + 220*g - 2*g**2 - 1. What is r(2)?
3
Let f be 2*4/8*1. Suppose -3*p + 5 + f = 0. Let l(v) = v**3 - 2. Give l(p).
6
Let z(q) be the third derivative of 0 + 0*q + 1/24*q**4 - 1/30*q**5 + 14*q**2 + 1/3*q**3. Give z(2).
-4
Let y(r) = 3*r + 19. Let j(d) = -2*d - 13. Let q(g) = 7*j(g) + 5*y(g). Calculate q(4).
8
Let i(r) = -r**2 + 3*r + 1. Let x be i(4). Let j = x + -1. Let h(m) be the second derivative of m**5/20 + m**4/4 - m**3/2 - m**2/2 - 2*m. Give h(j).
-5
Let f be 0 + (-3)/(-1) + 0. Suppose -7*r + 3*t - 3 = -6*r, 0 = -f*r - 5*t - 9. Let j(k) = k**2 + 2*k + 3. Determine j(r).
6
Suppose 279 = 16*y - 19*y. Let p = -93 - y. Let i(c) = c**3 - c**2 - c + 18. Determine i(p).
18
Let z(k) = 36*k - 194. Let m be z(6). Let w(q) = -q**3 + 23*q**2 - 21*q - 14. What is w(m)?
8
Let p(b) be the third derivative of -b**5/60 + 3*b**4/8 - 5*b**3/3 - b**2. Let m = 163 + -156. What is p(m)?
4
Let s be -15*3*4/30. Let q(v) = 2*v + 1. Let l be q(1). Let h(u) = 4*u - l + 3*u**2 - 2*u**2 + 0. Calculate h(s).
9
Suppose -4*y - 2 = -x, -y - 2*x - 9 = 4*y. Let o(z) = -30*z**2 + z + 1. Determine o(y).
-30
Let s(a) = -a**3 - 2*a**2 - 2*a - 1. Suppose 5*o + 22 = -2*u, 4*o + o = 5*u - 15. What is s(u)?
0
Let f = -125 - -125. Suppose -3*g + 3*h + f*h + 42 = 0, g = 5*h + 34. Let p(a) = -a + 12. Determine p(g).
3
Suppose 0 = -2*b + 3*b - 85. Let u = b - 77. Let m(i) = -i - 1. Determine m(u).
-9
Suppose -5*m = -199 + 199. Let y(n) be the second derivative of -1/6*n**4 + 5*n + m*n**3 + 0 + 2*n**2. Give y(-3).
-14
Let k(z) = -3*z + 95. Let c be k(33). Let a(f) = f**2 + 10*f + 2. Let d(b) = -b. Let r(m) 